{"id":948,"date":"2021-07-18T06:53:47","date_gmt":"2021-07-18T06:53:47","guid":{"rendered":"http:\/\/colorful-life.de\/?page_id=948"},"modified":"2021-07-31T22:00:46","modified_gmt":"2021-07-31T22:00:46","slug":"visagist-make-up-stylist-mit-zertifikat","status":"publish","type":"page","link":"https:\/\/colorful-life.de\/?page_id=948","title":{"rendered":"Visagist \/ Make-Up Stylist mit Zertifikat"},"content":{"rendered":"\n<div class=\"wp-block-image\"><figure class=\"aligncenter size-medium\"><img data-recalc-dims=\"1\" loading=\"lazy\" decoding=\"async\" width=\"300\" height=\"180\" data-attachment-id=\"945\" data-permalink=\"https:\/\/colorful-life.de\/?attachment_id=945\" data-orig-file=\"https:\/\/i0.wp.com\/colorful-life.de\/wp-content\/uploads\/2021\/07\/Visagisten-Kurse-scaled.jpeg?fit=2560%2C1538&amp;ssl=1\" data-orig-size=\"2560,1538\" data-comments-opened=\"1\" data-image-meta=\"{&quot;aperture&quot;:&quot;8&quot;,&quot;credit&quot;:&quot;Sofia Zhuravetc - stock.adobe.com&quot;,&quot;camera&quot;:&quot;NIKON D810&quot;,&quot;caption&quot;:&quot;&quot;,&quot;created_timestamp&quot;:&quot;1578849514&quot;,&quot;copyright&quot;:&quot;\\u00a9Sofia Zhuravetc - stock.adobe.com&quot;,&quot;focal_length&quot;:&quot;60&quot;,&quot;iso&quot;:&quot;64&quot;,&quot;shutter_speed&quot;:&quot;0.008&quot;,&quot;title&quot;:&quot;Makeup artist applies  eye shadow  . Beautiful woman with make-up face. Hand of visagiste, painting  cosmetics of young beauty  model girl . Make up in process&quot;,&quot;orientation&quot;:&quot;1&quot;}\" data-image-title=\"Makeup artist applies  eye shadow  . Beautiful woman with make-up face. Hand of visagiste, painting  cosmetics of young beauty  model girl . Make up in process\" data-image-description=\"\" data-image-caption=\"\" data-medium-file=\"https:\/\/i0.wp.com\/colorful-life.de\/wp-content\/uploads\/2021\/07\/Visagisten-Kurse-scaled.jpeg?fit=300%2C180&amp;ssl=1\" data-large-file=\"https:\/\/i0.wp.com\/colorful-life.de\/wp-content\/uploads\/2021\/07\/Visagisten-Kurse-scaled.jpeg?fit=1024%2C615&amp;ssl=1\" src=\"https:\/\/i0.wp.com\/colorful-life.de\/wp-content\/uploads\/2021\/07\/Visagisten-Kurse.jpeg?resize=300%2C180\" alt=\"Visagist Workshop\" class=\"wp-image-945\" srcset=\"https:\/\/i0.wp.com\/colorful-life.de\/wp-content\/uploads\/2021\/07\/Visagisten-Kurse-scaled.jpeg?resize=300%2C180&amp;ssl=1 300w, https:\/\/i0.wp.com\/colorful-life.de\/wp-content\/uploads\/2021\/07\/Visagisten-Kurse-scaled.jpeg?resize=1024%2C615&amp;ssl=1 1024w, https:\/\/i0.wp.com\/colorful-life.de\/wp-content\/uploads\/2021\/07\/Visagisten-Kurse-scaled.jpeg?resize=768%2C461&amp;ssl=1 768w, https:\/\/i0.wp.com\/colorful-life.de\/wp-content\/uploads\/2021\/07\/Visagisten-Kurse-scaled.jpeg?resize=1536%2C923&amp;ssl=1 1536w, https:\/\/i0.wp.com\/colorful-life.de\/wp-content\/uploads\/2021\/07\/Visagisten-Kurse-scaled.jpeg?resize=2048%2C1230&amp;ssl=1 2048w, https:\/\/i0.wp.com\/colorful-life.de\/wp-content\/uploads\/2021\/07\/Visagisten-Kurse-scaled.jpeg?resize=370%2C222&amp;ssl=1 370w, https:\/\/i0.wp.com\/colorful-life.de\/wp-content\/uploads\/2021\/07\/Visagisten-Kurse-scaled.jpeg?resize=1040%2C625&amp;ssl=1 1040w\" sizes=\"auto, (max-width: 300px) 100vw, 300px\" \/><\/figure><\/div>\n\n\n\n<p>Dieser Intensiv-Kurs besteht aus zwei Teilen und eignet sich besonders f\u00fcr<\/p>\n\n\n\n<ul class=\"wp-block-list\"><li>Kosmetikvertriebe<\/li><li>Kosmetikerinnen<\/li><li>Friseure<\/li><li>Fotografen<\/li><li>Farb- &amp; Stil-Beraterinnen<\/li><li>Neueinsteiger (Anf\u00e4nger)<\/li><li>Privatpersonen<\/li><\/ul>\n\n\n\n<p><strong>Voraussetzung f\u00fcr die Pr\u00fcfung und das Zertifikat:<\/strong><\/p>\n\n\n\n<p>Pro Teilnehmer 1-2 Modelle (keine Kursteilnehmer), an denen die Inhalte der Pr\u00fcfung pr\u00e4sentiert werden k\u00f6nnen.<\/p>\n\n\n\n<p><\/p>\n\n\n\n<p><strong>Dauer: 2 Tage (9:00-18:00 h)<\/strong><\/p>\n\n\n\n<p><strong>Ihre Investition:<\/strong><\/p>\n\n\n\n<p><strong>350 \u20ac <\/strong>f\u00fcr Kosmetik-Vertriebe<\/p>\n\n\n\n<p><strong>400 \u20ac <\/strong>f\u00fcr diejenigen, die nicht in einem Kosmetik-Vertrieb arbeiten und kein Schminkmaterial haben; Material wird kostenlos zur Verf\u00fcgung gestellt<\/p>\n\n\n\n<p><strong>Teilnehmeranzahl: 6-10 Personen<\/strong><\/p>\n\n\n\n<p>Online-Kurse \u00fcber Skype sind ebenfalls m\u00f6glich.<\/p>\n\n\n\n<p>Die Kosten f\u00fcr die Anreise, Unterbringung und Verpflegung sind selbst zu tragen.<\/p>\n\n\n\n<div class=\"wp-block-image\"><figure class=\"aligncenter size-large is-resized\"><img data-recalc-dims=\"1\" loading=\"lazy\" decoding=\"async\" data-attachment-id=\"1112\" data-permalink=\"https:\/\/colorful-life.de\/?attachment_id=1112\" data-orig-file=\"https:\/\/i0.wp.com\/colorful-life.de\/wp-content\/uploads\/2021\/07\/Programm-Visagist-Make-Up-Stylist-2-Tage-scaled.jpg?fit=1811%2C2560&amp;ssl=1\" data-orig-size=\"1811,2560\" data-comments-opened=\"1\" data-image-meta=\"{&quot;aperture&quot;:&quot;0&quot;,&quot;credit&quot;:&quot;&quot;,&quot;camera&quot;:&quot;&quot;,&quot;caption&quot;:&quot;&quot;,&quot;created_timestamp&quot;:&quot;0&quot;,&quot;copyright&quot;:&quot;&quot;,&quot;focal_length&quot;:&quot;0&quot;,&quot;iso&quot;:&quot;0&quot;,&quot;shutter_speed&quot;:&quot;0&quot;,&quot;title&quot;:&quot;&quot;,&quot;orientation&quot;:&quot;0&quot;}\" data-image-title=\"Programm-Visagist-Make-Up-Stylist-2-Tage\" data-image-description=\"\" data-image-caption=\"\" data-medium-file=\"https:\/\/i0.wp.com\/colorful-life.de\/wp-content\/uploads\/2021\/07\/Programm-Visagist-Make-Up-Stylist-2-Tage-scaled.jpg?fit=212%2C300&amp;ssl=1\" data-large-file=\"https:\/\/i0.wp.com\/colorful-life.de\/wp-content\/uploads\/2021\/07\/Programm-Visagist-Make-Up-Stylist-2-Tage-scaled.jpg?fit=724%2C1024&amp;ssl=1\" src=\"https:\/\/i0.wp.com\/colorful-life.de\/wp-content\/uploads\/2021\/07\/Programm-Visagist-Make-Up-Stylist-2-Tage.jpg?resize=362%2C512\" alt=\"\" class=\"wp-image-1112\" width=\"362\" height=\"512\" srcset=\"https:\/\/i0.wp.com\/colorful-life.de\/wp-content\/uploads\/2021\/07\/Programm-Visagist-Make-Up-Stylist-2-Tage-scaled.jpg?resize=724%2C1024&amp;ssl=1 724w, https:\/\/i0.wp.com\/colorful-life.de\/wp-content\/uploads\/2021\/07\/Programm-Visagist-Make-Up-Stylist-2-Tage-scaled.jpg?resize=212%2C300&amp;ssl=1 212w, https:\/\/i0.wp.com\/colorful-life.de\/wp-content\/uploads\/2021\/07\/Programm-Visagist-Make-Up-Stylist-2-Tage-scaled.jpg?resize=768%2C1086&amp;ssl=1 768w, https:\/\/i0.wp.com\/colorful-life.de\/wp-content\/uploads\/2021\/07\/Programm-Visagist-Make-Up-Stylist-2-Tage-scaled.jpg?resize=1086%2C1536&amp;ssl=1 1086w, https:\/\/i0.wp.com\/colorful-life.de\/wp-content\/uploads\/2021\/07\/Programm-Visagist-Make-Up-Stylist-2-Tage-scaled.jpg?resize=1448%2C2048&amp;ssl=1 1448w, https:\/\/i0.wp.com\/colorful-life.de\/wp-content\/uploads\/2021\/07\/Programm-Visagist-Make-Up-Stylist-2-Tage-scaled.jpg?resize=370%2C523&amp;ssl=1 370w, https:\/\/i0.wp.com\/colorful-life.de\/wp-content\/uploads\/2021\/07\/Programm-Visagist-Make-Up-Stylist-2-Tage-scaled.jpg?resize=1040%2C1471&amp;ssl=1 1040w, https:\/\/i0.wp.com\/colorful-life.de\/wp-content\/uploads\/2021\/07\/Programm-Visagist-Make-Up-Stylist-2-Tage-scaled.jpg?w=1811&amp;ssl=1 1811w\" sizes=\"auto, (max-width: 362px) 100vw, 362px\" \/><\/figure><\/div>\n\n\n\n<p><strong><a href=\"http:\/\/colorful-life.de\/?page_id=986\">Zur\u00fcck<\/a><\/strong><\/p>\n","protected":false},"excerpt":{"rendered":"<p>Dieser Intensiv-Kurs besteht aus zwei Teilen und eignet sich besonders f\u00fcr Kosmetikvertriebe Kosmetikerinnen Friseure Fotografen Farb- &amp; Stil-Beraterinnen Neueinsteiger (Anf\u00e4nger) Privatpersonen Voraussetzung f\u00fcr die Pr\u00fcfung und das Zertifikat: Pro Teilnehmer 1-2 Modelle (keine Kursteilnehmer), an[&#8230;]<\/p>\n","protected":false},"author":1,"featured_media":945,"parent":0,"menu_order":0,"comment_status":"closed","ping_status":"closed","template":"","meta":{"_monsterinsights_skip_tracking":false,"_monsterinsights_sitenote_active":false,"_monsterinsights_sitenote_note":"","_monsterinsights_sitenote_category":0,"jetpack_post_was_ever_published":false,"footnotes":""},"class_list":["post-948","page","type-page","status-publish","has-post-thumbnail","hentry"],"jetpack_sharing_enabled":true,"jetpack_shortlink":"https:\/\/wp.me\/P8oWCj-fi","jetpack-related-posts":[],"_links":{"self":[{"href":"https:\/\/colorful-life.de\/index.php?rest_route=\/wp\/v2\/pages\/948","targetHints":{"allow":["GET"]}}],"collection":[{"href":"https:\/\/colorful-life.de\/index.php?rest_route=\/wp\/v2\/pages"}],"about":[{"href":"https:\/\/colorful-life.de\/index.php?rest_route=\/wp\/v2\/types\/page"}],"author":[{"embeddable":true,"href":"https:\/\/colorful-life.de\/index.php?rest_route=\/wp\/v2\/users\/1"}],"replies":[{"embeddable":true,"href":"https:\/\/colorful-life.de\/index.php?rest_route=%2Fwp%2Fv2%2Fcomments&post=948"}],"version-history":[{"count":17,"href":"https:\/\/colorful-life.de\/index.php?rest_route=\/wp\/v2\/pages\/948\/revisions"}],"predecessor-version":[{"id":1122,"href":"https:\/\/colorful-life.de\/index.php?rest_route=\/wp\/v2\/pages\/948\/revisions\/1122"}],"wp:featuredmedia":[{"embeddable":true,"href":"https:\/\/colorful-life.de\/index.php?rest_route=\/wp\/v2\/media\/945"}],"wp:attachment":[{"href":"https:\/\/colorful-life.de\/index.php?rest_route=%2Fwp%2Fv2%2Fmedia&parent=948"}],"curies":[{"name":"wp","href":"https:\/\/api.w.org\/{rel}","templated":true}]}}