{"id":423,"date":"2017-02-16T22:08:54","date_gmt":"2017-02-16T22:08:54","guid":{"rendered":"http:\/\/colorful-life.de\/?page_id=423"},"modified":"2017-05-22T07:27:29","modified_gmt":"2017-05-22T07:27:29","slug":"motto-partys","status":"publish","type":"page","link":"https:\/\/colorful-life.de\/?page_id=423","title":{"rendered":"Beauty-Partys"},"content":{"rendered":"<p><img data-recalc-dims=\"1\" loading=\"lazy\" decoding=\"async\" data-attachment-id=\"613\" data-permalink=\"https:\/\/colorful-life.de\/?attachment_id=613\" data-orig-file=\"https:\/\/i0.wp.com\/colorful-life.de\/wp-content\/uploads\/2017\/02\/Beauty-Partys.jpg?fit=1416%2C1000&amp;ssl=1\" data-orig-size=\"1416,1000\" data-comments-opened=\"1\" data-image-meta=\"{&quot;aperture&quot;:&quot;3.2&quot;,&quot;credit&quot;:&quot;&quot;,&quot;camera&quot;:&quot;Canon EOS 5D Mark III&quot;,&quot;caption&quot;:&quot;Happy girls ready for hen-party at home&quot;,&quot;created_timestamp&quot;:&quot;1471955615&quot;,&quot;copyright&quot;:&quot;&quot;,&quot;focal_length&quot;:&quot;85&quot;,&quot;iso&quot;:&quot;200&quot;,&quot;shutter_speed&quot;:&quot;0.00625&quot;,&quot;title&quot;:&quot;Happy girls ready for hen-party at home&quot;,&quot;orientation&quot;:&quot;1&quot;}\" data-image-title=\"\" data-image-description=\"\" data-image-caption=\"&lt;p&gt;Beauty-Partys&lt;\/p&gt;\n\" data-medium-file=\"https:\/\/i0.wp.com\/colorful-life.de\/wp-content\/uploads\/2017\/02\/Beauty-Partys.jpg?fit=300%2C212&amp;ssl=1\" data-large-file=\"https:\/\/i0.wp.com\/colorful-life.de\/wp-content\/uploads\/2017\/02\/Beauty-Partys.jpg?fit=1024%2C723&amp;ssl=1\" class=\"size-medium wp-image-613 alignright\" src=\"https:\/\/i0.wp.com\/colorful-life.de\/wp-content\/uploads\/2017\/02\/Beauty-Partys.jpg?resize=300%2C212\" alt=\"\" width=\"300\" height=\"212\" srcset=\"https:\/\/i0.wp.com\/colorful-life.de\/wp-content\/uploads\/2017\/02\/Beauty-Partys.jpg?resize=300%2C212&amp;ssl=1 300w, https:\/\/i0.wp.com\/colorful-life.de\/wp-content\/uploads\/2017\/02\/Beauty-Partys.jpg?resize=768%2C542&amp;ssl=1 768w, https:\/\/i0.wp.com\/colorful-life.de\/wp-content\/uploads\/2017\/02\/Beauty-Partys.jpg?resize=1024%2C723&amp;ssl=1 1024w, https:\/\/i0.wp.com\/colorful-life.de\/wp-content\/uploads\/2017\/02\/Beauty-Partys.jpg?resize=370%2C261&amp;ssl=1 370w, https:\/\/i0.wp.com\/colorful-life.de\/wp-content\/uploads\/2017\/02\/Beauty-Partys.jpg?resize=1040%2C734&amp;ssl=1 1040w, https:\/\/i0.wp.com\/colorful-life.de\/wp-content\/uploads\/2017\/02\/Beauty-Partys.jpg?w=1416&amp;ssl=1 1416w\" sizes=\"auto, (max-width: 300px) 100vw, 300px\" \/><\/p>\n<p><strong>Vorteile <\/strong>f\u00fcr<strong> Gastgeberinnen<\/strong><\/p>\n<ul>\n<li>ein tolles <strong>Geschenk<\/strong><\/li>\n<li>ein <strong>exklusives<\/strong> <strong>Angebot<\/strong><\/li>\n<li><strong>Produkte<\/strong> testen &#8211; <strong>kostenlos<\/strong><\/li>\n<\/ul>\n<p>W\u00e4hlen Sie Ihre <strong>Party<\/strong> &#8211; die richtige <strong>f\u00fcr sich<\/strong> und Ihre <strong>Freunde<\/strong>!<\/p>\n<p>Wenn Sie <strong>eigene Ideen<\/strong> f\u00fcr ein <strong>Motto<\/strong> haben, rufen Sie mich an oder schreiben Sie mir.<\/p>\n<p>&nbsp;<\/p>\n<p><strong>Liebe Deine Haut<\/strong>-Party<\/p>\n<p><strong>Liebe Deine Wimpern<\/strong>-Party<\/p>\n<p><strong>Make-Up<\/strong>-Party<\/p>\n<p><strong>Contouring-<\/strong>Party<\/p>\n<p><strong>Smokey-Eyes<\/strong>-Party<\/p>\n<p><strong>Gesichtspflege<\/strong>-Party<\/p>\n<p><strong>Masken-<\/strong>Party<\/p>\n<p><strong>Mutter\/Tochter<\/strong>-Party<\/p>\n<p><strong>Trend<\/strong>-Party<\/p>\n<p><strong>Braut<\/strong>-Party<\/p>\n<p><strong>Glamour-Look<\/strong>-Party<\/p>\n<p><strong>Pflegeprodukte f\u00fcr IHN<\/strong>-Party<\/p>\n<p><strong>Duft<\/strong>-Party<\/p>\n<p>&nbsp;<\/p>\n<p><strong>Buchen<\/strong> Sie noch <strong>heute<\/strong> Ihre <strong>Beauty-Party<\/strong> und werden Sie <strong>Gastgeberin<\/strong>.<\/p>\n<p><strong>Ich freue mich auf Sie<\/strong>!<\/p>\n<p>&nbsp;<\/p>\n<p><a href=\"http:\/\/colorful-life.de\/?page_id=512\">Zur\u00fcck<\/a><\/p>\n","protected":false},"excerpt":{"rendered":"<p>Vorteile f\u00fcr Gastgeberinnen ein tolles Geschenk ein exklusives Angebot Produkte testen &#8211; kostenlos W\u00e4hlen Sie Ihre Party &#8211; die richtige f\u00fcr sich und Ihre Freunde! Wenn Sie eigene Ideen f\u00fcr ein Motto haben, rufen Sie[&#8230;]<\/p>\n","protected":false},"author":1,"featured_media":0,"parent":0,"menu_order":0,"comment_status":"closed","ping_status":"closed","template":"","meta":{"_monsterinsights_skip_tracking":false,"_monsterinsights_sitenote_active":false,"_monsterinsights_sitenote_note":"","_monsterinsights_sitenote_category":0,"jetpack_post_was_ever_published":false,"footnotes":""},"class_list":["post-423","page","type-page","status-publish","hentry"],"jetpack_sharing_enabled":true,"jetpack_shortlink":"https:\/\/wp.me\/P8oWCj-6P","jetpack-related-posts":[],"_links":{"self":[{"href":"https:\/\/colorful-life.de\/index.php?rest_route=\/wp\/v2\/pages\/423","targetHints":{"allow":["GET"]}}],"collection":[{"href":"https:\/\/colorful-life.de\/index.php?rest_route=\/wp\/v2\/pages"}],"about":[{"href":"https:\/\/colorful-life.de\/index.php?rest_route=\/wp\/v2\/types\/page"}],"author":[{"embeddable":true,"href":"https:\/\/colorful-life.de\/index.php?rest_route=\/wp\/v2\/users\/1"}],"replies":[{"embeddable":true,"href":"https:\/\/colorful-life.de\/index.php?rest_route=%2Fwp%2Fv2%2Fcomments&post=423"}],"version-history":[{"count":25,"href":"https:\/\/colorful-life.de\/index.php?rest_route=\/wp\/v2\/pages\/423\/revisions"}],"predecessor-version":[{"id":779,"href":"https:\/\/colorful-life.de\/index.php?rest_route=\/wp\/v2\/pages\/423\/revisions\/779"}],"wp:attachment":[{"href":"https:\/\/colorful-life.de\/index.php?rest_route=%2Fwp%2Fv2%2Fmedia&parent=423"}],"curies":[{"name":"wp","href":"https:\/\/api.w.org\/{rel}","templated":true}]}}